 the remainder when 22 is divided by o?
9
Let v = 107 + -19. What is the remainder when 262 is divided by v?
86
Suppose -47*d + 2311 + 893 = -11*d. What is the remainder when d is divided by 2*(69/2)/3?
20
Suppose l + 2*t = 10, -3*t = l - 0*t - 8. Suppose -2*m = -5*m + 6. Suppose s + 0*y = -m*y + 54, 3*s - 162 = 5*y. Calculate the remainder when s is divided by l.
12
Let y(v) = -v**3 - 3*v**2 + 15*v - 6. Let x = 82 - 37. Calculate the remainder when x is divided by y(-6).
9
Suppose a - 3*a = -16. Suppose -2 = -5*q + a. Suppose -6*d = -q*d + 5*u - 159, -200 = -5*d - 5*u. What is the remainder when d is divided by 14?
13
Let g(r) = -6*r + 22. Let f be g(5). What is the remainder when (-1)/(4/f) + 65 is divided by 24?
19
Suppose 44 = -3*m + 257. Let r = m - -27. Calculate the remainder when r is divided by 34.
30
Suppose -h = 8*h - 225. What is the remainder when (-960)/(-4)*(-6)/(-15) - 1 is divided by h?
20
Let o(k) = k**3 - 21*k**2 - 23*k + 31. Calculate the remainder when 33 is divided by o(22).
6
Calculate the remainder when 201 is divided by (0 - 18/(-6)) + 31.
31
Suppose -800 = -2*s - 23*s. Calculate the remainder when 116 is divided by s.
20
Let r(h) = 10*h - 2. Suppose 11*j - 10*j + q = 113, 3*q = j - 101. What is the remainder when j is divided by r(4)?
34
Let h(j) = -j**2 - 15*j + 7. What is the remainder when (12 - 3/(-3))*2 is divided by h(-15)?
5
Let a = 147 + -86. Let l be 1*(a + -1 + 0). Suppose 5*s + g = 61 + l, -3*g = -3. Calculate the remainder when s is divided by 9.
6
Let n = 5 + 19. Let p be 2/(-3) + (-40)/(-6) + 3. Calculate the remainder when (6/p)/(8/540) is divided by n.
21
Let j = 0 + 16. Suppose -25*c + 48 = -21*c. Suppose -3*o = r, -c = -0*o + 4*o. Calculate the remainder when j is divided by r.
7
Let b(w) = 222 - 231 - w - w**3 + 8*w**2 - 2*w. What is the remainder when 36 is divided by b(7)?
17
Suppose 12*j - 773 - 103 = 0. What is the remainder when 281 is divided by j?
62
Suppose 0 = 5*h - 181 + 16. Let v(j) be the third derivative of -j**4/6 - 4*j**3 - 5*j**2. What is the remainder when h is divided by v(-9)?
9
Let b = 37 + -35. Suppose 3*d - 12 = b*d. What is the remainder when 34 is divided by d?
10
Let t be (-1 - (-1)/2)*6 - 4. Suppose 0 = -3*l + p + 75, 0*l + p = l - 27. What is the remainder when (-1)/7 + (-659)/t is divided by l?
22
What is the remainder when 978 is divided by 12 + 0 + -7 + 65?
68
Let c = -37 + 43. Calculate the remainder when 227 is divided by c.
5
Let j = 968 - 535. Calculate the remainder when j is divided by 87.
85
Let j be (464/24)/(4/(-6)). Let r = j - -49. Calculate the remainder when r is divided by (3/6)/(1/14).
6
Let m = 998 - 911. Calculate the remainder when 137 is divided by m.
50
Let m(r) = -r**3 - 7*r**2 + 5*r + 11. What is the remainder when 136 is divided by m(-8)?
31
Let a(v) = v**2 - 45*v + 75. Suppose -9 = -3*i, i = 5*q + 3*i - 6. Suppose -4*k = -q*k - 124. What is the remainder when a(46) is divided by k?
28
Let u = -109 - -191. Calculate the remainder when 327 is divided by u.
81
Suppose 2*r + 45 - 130 = -3*m, -165 = -5*r + 2*m. What is the remainder when 138 is divided by r?
33
Let v be (0 - -3) + (-3)/3. Suppose 48 = 4*p + 4*s, v*p + 5*s - 49 = -2*p. Calculate the remainder when 29 is divided by p.
7
Let j = 393 - 374. What is the remainder when 72 is divided by j?
15
Suppose -2 - 10 = -3*u. Suppose u*m - l = -6*l + 31, -3*l - 21 = -2*m. Calculate the remainder when 13 is divided by m.
4
Let g(n) = -16*n + 36. Let c be g(7). Let k = c + 98. What is the remainder when 196 is divided by k?
20
Suppose -41 = -2*o + h + 19, -5*o = 4*h - 124. Let d = o - -11. What is the remainder when 113 is divided by d?
35
Calculate the remainder when 192 is divided by (-240)/560 - 692/(-14).
45
Suppose -w = 3*k - 55, 4*w + 3*k = -w + 323. What is the remainder when 264 is divided by w?
63
Let t = 337 - 334. Let u(h) = 14*h**3 + h**2. Let f be u(1). Suppose q - 85 = -5*j - f, 15 = -t*q. Calculate the remainder when 27 is divided by j.
12
Suppose -3*i = -31 - 212. Let k = i + -21. What is the remainder when k is divided by 22?
16
Suppose -5*i - 3 = -2*p - 2*i, -3*i = -3. Suppose -5*b = 5*r - 55, 0 = p*b + 5 + 1. Calculate the remainder when 51 is divided by r.
12
Let w(r) = -8*r - 40. Let n be w(-7). Suppose 27 = -5*z + 102. Let s = n + z. Calculate the remainder when s is divided by 16.
15
Let r(v) = 14*v + 4. Let p = 24 + -22. Calculate the remainder when r(p) is divided by 19.
13
Let r = 445 + -320. Calculate the remainder when r is divided by 64.
61
Suppose -6*m + m + 130 = 0. Suppose 283*k - 306*k + 207 = 0. What is the remainder when m is divided by k?
8
Let l = -76 - -81. Suppose -2*p - 1 = -l. Calculate the remainder when 3 is divided by p.
1
Let o(c) = 2*c**3 - 4*c**2 + 3*c + 1. Let y = -775 + 789. Calculate the remainder when o(5) is divided by y.
12
Suppose 4*c + 15 = 3*x, -4*x - 5 = -2*c - 35. Let l(b) = -b**3 - 10*b**2 + b + 13. Calculate the remainder when x is divided by l(-10).
0
Let o(p) = 2*p**3 - 41*p**2 + 18*p + 56. What is the remainder when o(20) is divided by 9?
7
Let z = -222 + 296. Calculate the remainder when z is divided by 16.
10
Let r = 115 + -67. Suppose 4*s + r = 2*o - s, -3*o + 2*s + 50 = 0. Calculate the remainder when o is divided by 3.
2
Let y(l) = 18*l**3 + l**2 - 1. Suppose r = -4*r + 5. Calculate the remainder when 51 is divided by y(r).
15
Let h(g) = -g**2 - 22*g - 38. What is the remainder when h(-13) is divided by 56?
23
Suppose 0 = -4*u + 13 + 3. Suppose z - 5 = 0, 2*y - u*z + 29 = 3*y. What is the remainder when y is divided by (0 + (-12)/2)/(-2)?
0
Let m = 117 - 98. Calculate the remainder when m is divided by 5.
4
Suppose -1 = 2*w - 3. What is the remainder when 2/(462/(-234) - -2*w) is divided by 21?
15
Suppose 9 = 2*i - 18*d + 13*d, -d = -3. Suppose 5*c - 2*w + 60 = 3*w, 2*w - 44 = 4*c. What is the remainder when i is divided by (-10)/(-1)*(-8)/c?
4
Suppose 4*r - l - 115 + 20 = 0, -60 = -3*r + 3*l. Calculate the remainder when 171 is divided by r.
21
Let b(g) = 13*g**2 - 5*g. Calculate the remainder when 240 is divided by b(-2).
54
Let r(x) = -x**3 + 15*x**2 + 16*x + 32. Calculate the remainder when r(16) is divided by 13.
6
Suppose -82*f - 336 = -94*f. What is the remainder when 195 is divided by f?
27
Suppose 5*j - 250 = -3*g + 282, -5*g - 5 = 0. What is the remainder when j is divided by 11?
8
Let c(i) = 20 + 2*i - 9 - 2*i**2 + 3*i**2. What is the remainder when 20 is divided by c(0)?
9
Suppose 17*z = 767 + 117. What is the remainder when z is divided by 19?
14
Suppose -v + 2*p = -2*p + 82, 2*v + p = -128. Let d = v - -127. Calculate the remainder when d is divided by (-28)/6*9/(-2).
19
Let n(j) = 3*j**2 + 2*j + 17. Calculate the remainder when 113 is divided by n(-3).
37
Let a(s) = s**3 - 14*s**2 + 11*s + 31. Let g be a(13). Suppose 0 = 2*z - 63 - g. What is the remainder when z is divided by 10?
4
Suppose 93*r = 99*r - 414. Calculate the remainder when 270 is divided by r.
63
Suppose -60*f = 27*f - 4785. Suppose -p - 3*x = -8, x + 28 = p - x. What is the remainder when f is divided by p?
15
Calculate the remainder when (-12)/((-324)/45)*78 is divided by 30.
10
Let p be 1/(-2) - 5/2. Let m be p - (1 - 9)/4. Let l(o) = -29*o - 2. What is the remainder when l(m) is divided by 10?
7
Suppose -2*v + 20 = w - 37, 2*v = 2*w - 132. Calculate the remainder when 377 is divided by w.
62
Suppose 36 = 7*w - 27. Let o(a) = 7*a + 6. What is the remainder when o(5) is divided by w?
5
What is the remainder when (-9)/((-36)/10)*92 is divided by 26?
22
Let x(i) = -i**3 - 7*i**2 + 5*i - 9. What is the remainder when 22 is divided by x(-8)?
7
Suppose 0 = 7*z + 22*z - 2697. Calculate the remainder when z is divided by 19.
17
What is the remainder when (38/(-4))/(36/(-864)) is divided by 7?
4
Suppose -4*n - 4*j = -1012, 5*j + 171 + 859 = 4*n. What is the remainder when n is divided by 20?
15
Suppose -14*t = -3*t - 187. What is the remainder when 53 is divided by t?
2
Suppose -12*x = -15*x + 30. Let c(g) be the first derivative of 2*g**3/3 - 2*g**2 - 3*g - 1. What is the remainder when c(-3) is divided by x?
7
Let t = 95 + -60. Let y = 47 - t. What is the remainder when y is divided by 5?
2
Suppose 4*v + 5 = 89. Let z = 19 - 14. Suppose z*d + 57 = -s + 5*s